units digit of 8595?
5
What is the thousands digit of 6360?
6
What is the tens digit of 63635?
3
What is the units digit of 35321?
1
What is the units digit of 150751?
1
What is the units digit of 327?
7
What is the tens digit of 75?
7
What is the thousands digit of 2662?
2
What is the thousands digit of 5400?
5
What is the units digit of 1714?
4
What is the units digit of 16129?
9
What is the units digit of 1186?
6
What is the thousands digit of 9570?
9
What is the hundreds digit of 3617?
6
What is the thousands digit of 59441?
9
What is the tens digit of 6811?
1
What is the thousands digit of 11844?
1
What is the units digit of 2263?
3
What is the hundreds digit of 19378?
3
What is the hundreds digit of 181363?
3
What is the hundreds digit of 7224?
2
What is the tens digit of 2175?
7
What is the tens digit of 865?
6
What is the ten thousands digit of 17981?
1
What is the units digit of 51?
1
What is the tens digit of 358?
5
What is the units digit of 1882?
2
What is the ten thousands digit of 22377?
2
What is the hundreds digit of 1549?
5
What is the tens digit of 95396?
9
What is the hundreds digit of 383?
3
What is the hundreds digit of 39544?
5
What is the hundreds digit of 36092?
0
What is the tens digit of 340?
4
What is the tens digit of 23458?
5
What is the tens digit of 18453?
5
What is the tens digit of 3315?
1
What is the tens digit of 428?
2
What is the units digit of 1669?
9
What is the units digit of 770?
0
What is the thousands digit of 2538?
2
What is the units digit of 150?
0
What is the ten thousands digit of 37891?
3
What is the tens digit of 134574?
7
What is the units digit of 9088?
8
What is the hundreds digit of 665?
6
What is the ten thousands digit of 35510?
3
What is the units digit of 3877?
7
What is the tens digit of 45269?
6
What is the hundreds digit of 4529?
5
What is the tens digit of 17301?
0
What is the thousands digit of 2974?
2
What is the hundreds digit of 1612?
6
What is the units digit of 457?
7
What is the tens digit of 2250?
5
What is the units digit of 1755?
5
What is the thousands digit of 1658?
1
What is the hundreds digit of 1545?
5
What is the hundreds digit of 3406?
4
What is the tens digit of 900?
0
What is the tens digit of 872?
7
What is the tens digit of 5489?
8
What is the hundreds digit of 9000?
0
What is the hundreds digit of 32144?
1
What is the hundreds digit of 1104?
1
What is the units digit of 50750?
0
What is the hundreds digit of 3327?
3
What is the tens digit of 58?
5
What is the ten thousands digit of 31160?
3
What is the thousands digit of 124738?
4
What is the tens digit of 1480?
8
What is the tens digit of 896?
9
What is the tens digit of 68?
6
What is the tens digit of 48?
4
What is the units digit of 101128?
8
What is the hundreds digit of 4182?
1
What is the units digit of 29885?
5
What is the hundreds digit of 6250?
2
What is the units digit of 89?
9
What is the tens digit of 13157?
5
What is the units digit of 3970?
0
What is the tens digit of 4689?
8
What is the tens digit of 1365?
6
What is the hundreds digit of 957?
9
What is the tens digit of 775?
7
What is the units digit of 2541?
1
What is the tens digit of 9498?
9
What is the tens digit of 1803?
0
What is the thousands digit of 9093?
9
What is the thousands digit of 6393?
6
What is the units digit of 342?
2
What is the hundreds digit of 1751?
7
What is the ten thousands digit of 14011?
1
What is the units digit of 33427?
7
What is the hundred thousands digit of 116984?
1
What is the thousands digit of 38996?
8
What is the hundreds digit of 17527?
5
What is the hundreds digit of 3408?
4
What is the units digit of 300?
0
What is the tens digit of 4352?
5
What is the tens digit of 620?
2
What is the units digit of 690?
0
What is the tens digit of 51087?
8
What is the tens digit of 2257?
5
What is the hundreds digit of 21146?
1
What is the units digit of 2712?
2
What is the ten thousands digit of 20521?
2
What is the hundreds digit of 66008?
0
What is the tens digit of 18746?
4
What is the tens digit of 6236?
3
What is the thousands digit of 44768?
4
What is the thousands digit of 16093?
6
What is the tens digit of 4610?
1
What is the hundreds digit of 151?
1
What is the hundreds digit of 981?
9
What is the hundreds digit of 44282?
2
What is the units digit of 9509?
9
What is the thousands digit of 2682?
2
What is the units digit of 759?
9
What is the units digit of 83?
3
What is the units digit of 2141?
1
What is the units digit of 514?
4
What is the tens digit of 1343?
4
What is the tens digit of 393?
9
What is the hundreds digit of 48590?
5
What is the thousands digit of 7037?
7
What is the tens digit of 1252?
5
What is the units digit of 3268?
8
What is the tens digit of 28681?
8
What is the tens digit of 5254?
5
What is the units digit of 2832?
2
What is the ten thousands digit of 22969?
2
What is the ten thousands digit of 15638?
1
What is the tens digit of 632?
3
What is the tens digit of 1227?
2
What is the ten thousands digit of 67974?
6
What is the tens digit of 476?
7
What is the units digit of 3398?
8
What is the units digit of 18434?
4
What is the tens digit of 306?
0
What is the hundreds digit of 6218?
2
What is the units digit of 22847?
7
What is the tens digit of 1316?
1
What is the hundreds digit of 180089?
0
What is the units digit of 8380?
0
What is the tens digit of 2002?
0
What is the units digit of 325?
5
What is the tens digit of 545?
4
What is the tens digit of 6219?
1
What is the hundreds digit of 64436?
4
What is the units digit of 588?
8
What is the thousands digit of 86021?
6
What is the tens digit of 546?
4
What is the tens digit of 13489?
8
What is the units digit of 683?
3
What is the units digit of 2451?
1
What is the units digit of 422?
2
What is the units digit of 4025?
5
What is the thousands digit of 2740?
2
What is the hundreds digit of 85682?
6
What is the hundreds digit of 44111?
1
What is the units digit of 908?
8
What is the hundreds digit of 890?
8
What is the hundreds digit of 48948?
9
What is the thousands digit of 10169?
0
What is the units digit of 9367?
7
What is the hundreds digit of 428?
4
What is the hundreds digit of 2220?
2
What is the units digit of 641?
1
What is the units digit of 27276?
6
What is the ten thousands digit of 53572?
5
What is the thousands digit of 11168?
1
What is the tens digit of 2316?
1
What is the tens digit of 2261?
6
What is the tens digit of 1741?
4
What is the thousands digit of 1826?
1
What is the hundreds digit of 224?
2
What is the tens digit of 86007?
0
What is the hundreds digit of 160?
1
What is the thousands digit of 1355?
1
What is the hundreds digit of 48842?
8
What is the tens digit of 8829?
2
What is the thousands digit of 7904?
7
What is the hundreds digit of 885?
8
What is the units digit of 2146?
6
What is the ten thousands digit of 19060?
1
What is the thousands digit of 7084?
7
What is the tens digit of 51004?
0
What is the hundreds digit of 973?
9
What is the units digit of 22?
2
What is the units digit of 28078?
8
What is the units digit of 5058?
8
What is the tens digit of 55956?
5
What is the hundreds digit of 2119?
1
What is the units digit of 681?
1
What is the tens digit of 925?
2
What is the hundreds digit of 4002?
0
What is the hundreds digit of 82625?
6
What is the units digit of 878?
8
What is the hundreds digit of 3966?
9
What is the hundreds digit of 1192?
1
What is the units digit of 50219?
9
What is the tens digit of 1022?
2
What is the thousands digit of 13523?
3
What is the hundreds digit of 3310?
3
What is the hundreds digit of 456?
4
What is the thousands digit of 36739?
6
What is the units digit of 112901?
1
What is the tens digit of 47247?
4
What is the hundreds digit of 1476?
4
What is the hundreds digit of 1725?
7
What is the ten thousands digit of 41960?
4
What is the hundreds digit of 8026?
0
What is the units digit of 2513?
3
What is the thousands digit of 9934?
9
What is the thousands digit of 10077?
0
What is the hundreds digit of 25461?
4
What is the tens digit of 7809?
0
What is the thousands digit of 3380?
3
What is the thousands digit of 9073?
9
What is the hundreds digit of 3625?
6
What is the tens digit of 324?
2
What is the thousands digit of 4820?
4
What is the hundreds digit of 3447?
4